{"id":10657,"date":"2023-04-03T13:42:45","date_gmt":"2023-04-03T10:42:45","guid":{"rendered":"http:\/\/shuttleistanbul724.com\/?page_id=10657"},"modified":"2023-04-03T13:56:17","modified_gmt":"2023-04-03T10:56:17","slug":"return","status":"publish","type":"page","link":"https:\/\/shuttleistanbul724.com\/index.php\/return\/","title":{"rendered":"RETURN"},"content":{"rendered":"<p>[et_pb_section fb_built=&#8221;1&#8243; theme_builder_area=&#8221;post_content&#8221; _builder_version=&#8221;4.17.6&#8243; _module_preset=&#8221;default&#8221;][et_pb_row _builder_version=&#8221;4.17.6&#8243; _module_preset=&#8221;default&#8221; theme_builder_area=&#8221;post_content&#8221;][et_pb_column _builder_version=&#8221;4.17.6&#8243; _module_preset=&#8221;default&#8221; type=&#8221;4_4&#8243; theme_builder_area=&#8221;post_content&#8221;][et_pb_text _builder_version=&#8221;4.17.6&#8243; _module_preset=&#8221;default&#8221; theme_builder_area=&#8221;post_content&#8221; hover_enabled=&#8221;0&#8243; sticky_enabled=&#8221;0&#8243;]<\/p>\n<h1 style=\"text-align: center;\">H\u0130ZMET VE \u0130ADE\u00a0<\/h1>\n<h4 style=\"text-align: center;\">RETURN POLICY<\/h4>\n<p>[\/et_pb_text][\/et_pb_column][\/et_pb_row][et_pb_row _builder_version=&#8221;4.17.6&#8243; _module_preset=&#8221;default&#8221; theme_builder_area=&#8221;post_content&#8221;][et_pb_column _builder_version=&#8221;4.17.6&#8243; _module_preset=&#8221;default&#8221; type=&#8221;4_4&#8243; theme_builder_area=&#8221;post_content&#8221;][et_pb_tabs _builder_version=&#8221;4.17.6&#8243; _module_preset=&#8221;default&#8221; theme_builder_area=&#8221;post_content&#8221; hover_enabled=&#8221;0&#8243; sticky_enabled=&#8221;0&#8243;][et_pb_tab title=&#8221;TR&#8221; _builder_version=&#8221;4.17.6&#8243; _module_preset=&#8221;default&#8221; theme_builder_area=&#8221;post_content&#8221; hover_enabled=&#8221;0&#8243; sticky_enabled=&#8221;0&#8243;]<\/p>\n<h3>1) \u00d6deme ve Teslimat<\/h3>\n<p>Sitemiz \u00fczerinden kredi kartlar\u0131n\u0131z ile her t\u00fcrl\u00fc kredi kart\u0131n\u0131za online \u00f6deme yapabilirsiniz. Online \u00f6demelerinizde sipari\u015finiz sonunda kredi kart\u0131n\u0131zdan tutar \u00e7ekim i\u015flemi ger\u00e7ekle\u015fecektir. Muhtemel sipari\u015f iptallerinde kredi kart\u0131n\u0131za para iadesi 3 i\u015f g\u00fcn\u00fc i\u00e7erisinde yap\u0131lacakt\u0131r.<\/p>\n<h3>2) Sipari\u015f Bedeli \u0130adesi<\/h3>\n<p>Sipari\u015flerinizin olas\u0131 sebeplerle iptali durumunda; \u015firketimiz \u00fc\u00e7 i\u015f g\u00fcn\u00fc i\u00e7erisinde \u00fcr\u00fcn bedelini hesab\u0131n\u0131za ve\/veya kredi kart\u0131n\u0131za iade eder. Ancak, banka hesap bilgilerinizi ve\/veya kredi kart\u0131 bilgilerinizi do\u011fru ve eksiksiz olarak \u015firketimiz finans yetkililerine bildirmeniz gerekmektedir.<\/p>\n<h3>3) Hizmet Ger\u00e7ekle\u015ftirilmesi<\/h3>\n<p>Rezervasyon tarih ve saatinde gerekli transfer i\u015flemi sipari\u015fte belirtilen g\u00fczergahta ger\u00e7ekle\u015ftirilmesi garanti edilir.<\/p>\n<h3>L\u00fctfen dikkat ediniz!<\/h3>\n<p>Rezervasyon tarihinizde bir de\u011fi\u015fiklik var ise bize bir g\u00fcn \u00f6nceden <a href=\"mailto:info@shuttleistanbul724.com\">info@shuttleistanbul724.com<\/a> maili \u00fczerinden bildirmeniz gerekmektedir, aksi halde \u00fccret iadesi m\u00fcmk\u00fcn olmayacakt\u0131r.<\/p>\n<p>[\/et_pb_tab][et_pb_tab title=&#8221;EN&#8221; _builder_version=&#8221;4.17.6&#8243; _module_preset=&#8221;default&#8221; theme_builder_area=&#8221;post_content&#8221; hover_enabled=&#8221;0&#8243; sticky_enabled=&#8221;0&#8243;]<\/p>\n<h3>1) Payment and Delivery<\/h3>\n<p>You can make online payments to all kinds of credit cards with your credit cards on our site. In your online payments, the amount will be withdrawn from your credit card at the end of your order. In case of possible order cancellations, your credit card will be refunded within 3 working days.<\/p>\n<h3>2) Order Price Refund<\/h3>\n<p>In case of cancellation of your orders for possible reasons; Our company will refund the product price to your account and\/or credit card within three working days. However, you must report your bank account information and\/or credit card information accurately and completely to the financial authorities of our company.<\/p>\n<h3>3) Service Realization<\/h3>\n<p>The required transfer at the date and time of the reservation is guaranteed to be carried out on the route specified in the order.<\/p>\n<h3>Please be carefull!<\/h3>\n<p>If there is a change in your reservation date, you must inform us one day in advance via info@shuttleistanbul724.com, otherwise the fee will not be refunded.<\/p>\n<p>[\/et_pb_tab][\/et_pb_tabs][\/et_pb_column][\/et_pb_row][\/et_pb_section]<\/p>\n","protected":false},"excerpt":{"rendered":"<p>H\u0130ZMET VE \u0130ADE\u00a0 RETURN POLICY1) \u00d6deme ve Teslimat Sitemiz \u00fczerinden kredi kartlar\u0131n\u0131z ile her t\u00fcrl\u00fc kredi kart\u0131n\u0131za online \u00f6deme yapabilirsiniz. Online \u00f6demelerinizde sipari\u015finiz sonunda kredi kart\u0131n\u0131zdan tutar \u00e7ekim i\u015flemi ger\u00e7ekle\u015fecektir. Muhtemel sipari\u015f iptallerinde kredi kart\u0131n\u0131za para iadesi 3 i\u015f g\u00fcn\u00fc i\u00e7erisinde yap\u0131lacakt\u0131r. 2) Sipari\u015f Bedeli \u0130adesi Sipari\u015flerinizin olas\u0131 sebeplerle iptali durumunda; \u015firketimiz \u00fc\u00e7 i\u015f g\u00fcn\u00fc [&hellip;]<\/p>\n","protected":false},"author":1,"featured_media":0,"parent":0,"menu_order":0,"comment_status":"closed","ping_status":"closed","template":"","meta":{"_et_pb_use_builder":"on","_et_pb_old_content":"<!-- wp:divi\/placeholder \/-->","_et_gb_content_width":"","footnotes":""},"class_list":["post-10657","page","type-page","status-publish","hentry"],"_links":{"self":[{"href":"https:\/\/shuttleistanbul724.com\/index.php\/wp-json\/wp\/v2\/pages\/10657","targetHints":{"allow":["GET"]}}],"collection":[{"href":"https:\/\/shuttleistanbul724.com\/index.php\/wp-json\/wp\/v2\/pages"}],"about":[{"href":"https:\/\/shuttleistanbul724.com\/index.php\/wp-json\/wp\/v2\/types\/page"}],"author":[{"embeddable":true,"href":"https:\/\/shuttleistanbul724.com\/index.php\/wp-json\/wp\/v2\/users\/1"}],"replies":[{"embeddable":true,"href":"https:\/\/shuttleistanbul724.com\/index.php\/wp-json\/wp\/v2\/comments?post=10657"}],"version-history":[{"count":3,"href":"https:\/\/shuttleistanbul724.com\/index.php\/wp-json\/wp\/v2\/pages\/10657\/revisions"}],"predecessor-version":[{"id":10661,"href":"https:\/\/shuttleistanbul724.com\/index.php\/wp-json\/wp\/v2\/pages\/10657\/revisions\/10661"}],"wp:attachment":[{"href":"https:\/\/shuttleistanbul724.com\/index.php\/wp-json\/wp\/v2\/media?parent=10657"}],"curies":[{"name":"wp","href":"https:\/\/api.w.org\/{rel}","templated":true}]}}